{"id":494,"date":"2016-04-30T18:02:04","date_gmt":"2016-04-30T18:02:04","guid":{"rendered":"http:\/\/jesus-maria.org\/loyola\/?page_id=494"},"modified":"2016-05-01T14:28:31","modified_gmt":"2016-05-01T14:28:31","slug":"localizacion","status":"publish","type":"page","link":"https:\/\/jesus-maria.org\/loyola\/localizacion\/","title":{"rendered":"C\u00f3mo llegar"},"content":{"rendered":"<table style=\"height: 154px;\" width=\"698\">\n<tbody>\n<tr>\n<td><a href=\"https:\/\/goo.gl\/maps\/5YpzuCa4Hgk\" target=\"_blank\"><img loading=\"lazy\" decoding=\"async\" class=\"size-medium wp-image-493 aligncenter\" src=\"http:\/\/jesus-maria.org\/loyola\/wp-content\/uploads\/sites\/11\/2016\/04\/Ubicacion-mapa-300x134.jpg\" alt=\"Ubicacion-mapa\" width=\"300\" height=\"134\" \/><\/a><\/td>\n<td><a href=\"https:\/\/www.google.es\/maps\/@43.1778951,-2.2765011,3a,75y,37.21h,92.5t\/data=!3m6!1e1!3m4!1sv0QVlizUqgQJISEoGZ2hmQ!2e0!7i13312!8i6656\" target=\"_blank\"><img loading=\"lazy\" decoding=\"async\" class=\"size-medium wp-image-497 aligncenter\" src=\"http:\/\/jesus-maria.org\/loyola\/wp-content\/uploads\/sites\/11\/2016\/04\/Ubicacion-foto-300x134.jpg\" alt=\"Ubicacion-foto\" width=\"300\" height=\"134\" \/><\/a><\/td>\n<\/tr>\n<tr>\n<td colspan=\"2\">\n<p style=\"text-align: center;\"><strong>AVDA. DE LOYOLA, 24\u00a0\u00a0 20730 AZPEITIA (Guipuzkoa)<\/strong><\/p>\n<p style=\"text-align: center;\">Correo: <strong>casajesusmaria@gmail.com<\/strong><\/p>\n<p style=\"text-align: center;\">Tel\u00e9fono fijo: <strong>943 811 034<\/strong><\/p>\n<p style=\"text-align: center;\">Tel\u00e9fono m\u00f3vil: <strong>635 759 890<\/strong><\/p>\n<\/td>\n<\/tr>\n<\/tbody>\n<\/table>\n","protected":false},"excerpt":{"rendered":"<p>AVDA. DE LOYOLA, 24\u00a0\u00a0 20730 AZPEITIA (Guipuzkoa) Correo: casajesusmaria@gmail.com Tel\u00e9fono fijo: 943 811 034 Tel\u00e9fono m\u00f3vil: 635 759 890<\/p>\n","protected":false},"author":3,"featured_media":0,"parent":0,"menu_order":0,"comment_status":"closed","ping_status":"closed","template":"","meta":{"footnotes":""},"_links":{"self":[{"href":"https:\/\/jesus-maria.org\/loyola\/wp-json\/wp\/v2\/pages\/494"}],"collection":[{"href":"https:\/\/jesus-maria.org\/loyola\/wp-json\/wp\/v2\/pages"}],"about":[{"href":"https:\/\/jesus-maria.org\/loyola\/wp-json\/wp\/v2\/types\/page"}],"author":[{"embeddable":true,"href":"https:\/\/jesus-maria.org\/loyola\/wp-json\/wp\/v2\/users\/3"}],"replies":[{"embeddable":true,"href":"https:\/\/jesus-maria.org\/loyola\/wp-json\/wp\/v2\/comments?post=494"}],"version-history":[{"count":5,"href":"https:\/\/jesus-maria.org\/loyola\/wp-json\/wp\/v2\/pages\/494\/revisions"}],"predecessor-version":[{"id":503,"href":"https:\/\/jesus-maria.org\/loyola\/wp-json\/wp\/v2\/pages\/494\/revisions\/503"}],"wp:attachment":[{"href":"https:\/\/jesus-maria.org\/loyola\/wp-json\/wp\/v2\/media?parent=494"}],"curies":[{"name":"wp","href":"https:\/\/api.w.org\/{rel}","templated":true}]}}