{"id":43,"date":"2016-02-03T14:56:54","date_gmt":"2016-02-03T14:56:54","guid":{"rendered":"http:\/\/jesus-maria.org\/loyola\/?page_id=43"},"modified":"2016-02-03T14:56:54","modified_gmt":"2016-02-03T14:56:54","slug":"desde-1936","status":"publish","type":"page","link":"https:\/\/jesus-maria.org\/loyola\/desde-1936\/","title":{"rendered":"Desde 1936"},"content":{"rendered":"<p><span style=\"font-family: Verdana,Arial,Helvetica,sans-serif; font-size: small; color: #ffffff;\">&#8230;&#8230;<\/span><span style=\"color: #000000; font-family: Verdana,Arial,Helvetica,sans-serif; font-size: small;\">Durante la Guerra Civil espa\u00f1ola, 1936 a 1939, el Pa\u00eds Vasco, aunque en zona republicana, no experiment\u00f3 persecuci\u00f3n religiosa, por lo que la comunidad y las alumnas permanecieron con relativa tranquilidad. Por eso esta casa se convirti\u00f3 en el destino de muchas religiosas, incluso alumnas, que ven\u00edan de la llamada \u201czona roja\u201d. Al no tener capacidad para acoger a tanta gente &#8211; m\u00e1s de 70 religiosas y otras tantas alumnas- se form\u00f3 una comunidad en el pueblo cercano de Cestona, en un hotel alquilado. Fueron muy bien recibidas por el pueblo y experimentaron la valiosa ayuda de sus gentes. <\/span><\/p>\n<p><span style=\"font-family: Verdana,Arial,Helvetica,sans-serif; font-size: small; color: #ffffff;\">&#8230;&#8230;.<\/span><span style=\"color: #000000; font-family: Verdana,Arial,Helvetica,sans-serif; font-size: small;\">Durante estos a\u00f1os, esta casa de Loyola fue Casa Provincial de Espa\u00f1a y Noviciado. <\/span><\/p>\n<p><span style=\"color: #000000; font-family: Verdana,Arial,Helvetica,sans-serif; font-size: small;\"><span style=\"color: #ffffff;\"> &#8230;&#8230;.<\/span>Normalizada la situaci\u00f3n, la actividad se centr\u00f3 en el Colegio y en la Escuela Hogar, esta \u00faltima inaugurada en 1946 para \u201ccompletar la formaci\u00f3n humana, espiritual y dom\u00e9stica de la mujer, en un ambiente de paz y de trabajo\u201d.<\/span><\/p>\n<p><span style=\"color: #000000; font-family: Verdana,Arial,Helvetica,sans-serif; font-size: small;\"><span style=\"color: #ffffff;\"> &#8230;&#8230;.<\/span>En 1963 ces\u00f3 la actividad del Colegio. No era posible su mantenimiento por el reducido n\u00famero de alumnas. A partir de este momento se da m\u00e1s fuerza a la Escuela Hogar, muy solicitada, adapt\u00e1ndola con modernas instalaciones. <\/span><\/p>\n<p><span style=\"color: #000000; font-family: Verdana,Arial,Helvetica,sans-serif; font-size: small;\"><span style=\"color: #ffffff;\"> &#8230;&#8230;.<\/span>Al paso de los a\u00f1os fue tomando nuevos giros hasta que diversas dificultades fueron haciendo inviable su continuidad. Concluy\u00f3 su actividad en junio de 1974. Fueron cesando tambi\u00e9n, poco a poco, otra serie de actividades apost\u00f3licas abiertas al valle: clases de Puericultura, Idiomas, Arte, Promoci\u00f3n Popular Obrera, Escuela Apost\u00f3lica, catequesis dominical, Colegio Menor\u2026Hab\u00eda llegado el momento de priorizar una actividad apost\u00f3lica; y \u00e9sta vino marcada por la decisi\u00f3n de dedicarla a Casa de Formaci\u00f3n y Espiritualidad.<\/span><\/p>\n<p><span style=\"color: #000000; font-family: Verdana,Arial,Helvetica,sans-serif; font-size: small;\"><span style=\"color: #ffffff;\"> &#8230;&#8230;.<\/span>Y esta es la obra en la que lleva embarcada la comunidad de esta casa, en el coraz\u00f3n de la espiritualidad ignaciana, intentando favorecer a cada persona el ambiente adecuado para que pueda hacerse en ella realidad la experiencia de Dios en el momento que le est\u00e1 tocando vivir. <\/span><\/p>\n","protected":false},"excerpt":{"rendered":"<p>&#8230;&#8230;Durante la Guerra Civil espa\u00f1ola, 1936 a 1939, el Pa\u00eds Vasco, aunque en zona republicana, no experiment\u00f3 persecuci\u00f3n religiosa, por lo que la comunidad y las alumnas permanecieron con relativa tranquilidad. Por eso esta casa se convirti\u00f3 en el destino de muchas religiosas, incluso alumnas, que ven\u00edan de la llamada \u201czona roja\u201d. Al no tener<\/p>\n","protected":false},"author":3,"featured_media":0,"parent":0,"menu_order":0,"comment_status":"closed","ping_status":"closed","template":"","meta":{"footnotes":""},"_links":{"self":[{"href":"https:\/\/jesus-maria.org\/loyola\/wp-json\/wp\/v2\/pages\/43"}],"collection":[{"href":"https:\/\/jesus-maria.org\/loyola\/wp-json\/wp\/v2\/pages"}],"about":[{"href":"https:\/\/jesus-maria.org\/loyola\/wp-json\/wp\/v2\/types\/page"}],"author":[{"embeddable":true,"href":"https:\/\/jesus-maria.org\/loyola\/wp-json\/wp\/v2\/users\/3"}],"replies":[{"embeddable":true,"href":"https:\/\/jesus-maria.org\/loyola\/wp-json\/wp\/v2\/comments?post=43"}],"version-history":[{"count":1,"href":"https:\/\/jesus-maria.org\/loyola\/wp-json\/wp\/v2\/pages\/43\/revisions"}],"predecessor-version":[{"id":44,"href":"https:\/\/jesus-maria.org\/loyola\/wp-json\/wp\/v2\/pages\/43\/revisions\/44"}],"wp:attachment":[{"href":"https:\/\/jesus-maria.org\/loyola\/wp-json\/wp\/v2\/media?parent=43"}],"curies":[{"name":"wp","href":"https:\/\/api.w.org\/{rel}","templated":true}]}}

<p><span style="font-family: Verdana,Arial,Helvetica,sans-serif; font-size: small; color: #ffffff;">&#8230;&#8230;</span><span style="color: #000000; font-family: Verdana,Arial,Helvetica,sans-serif; font-size: small;">Durante la Guerra Civil española, 1936 a 1939, el País Vasco, aunque en zona republicana, no experimentó persecución religiosa, por lo que la comunidad y las alumnas permanecieron con relativa tranquilidad. Por eso esta casa se convirtió en el destino de muchas religiosas, incluso alumnas, que venían de la llamada “zona roja”. Al no tener capacidad para acoger a tanta gente &#8211; más de 70 religiosas y otras tantas alumnas- se formó una comunidad en el pueblo cercano de Cestona, en un hotel alquilado. Fueron muy bien recibidas por el pueblo y experimentaron la valiosa ayuda de sus gentes. </span></p>
<p><span style="font-family: Verdana,Arial,Helvetica,sans-serif; font-size: small; color: #ffffff;">&#8230;&#8230;.</span><span style="color: #000000; font-family: Verdana,Arial,Helvetica,sans-serif; font-size: small;">Durante estos años, esta casa de Loyola fue Casa Provincial de España y Noviciado. </span></p>
<p><span style="color: #000000; font-family: Verdana,Arial,Helvetica,sans-serif; font-size: small;"><span style="color: #ffffff;"> &#8230;&#8230;.</span>Normalizada la situación, la actividad se centró en el Colegio y en la Escuela Hogar, esta última inaugurada en 1946 para “completar la formación humana, espiritual y doméstica de la mujer, en un ambiente de paz y de trabajo”.</span></p>
<p><span style="color: #000000; font-family: Verdana,Arial,Helvetica,sans-serif; font-size: small;"><span style="color: #ffffff;"> &#8230;&#8230;.</span>En 1963 cesó la actividad del Colegio. No era posible su mantenimiento por el reducido número de alumnas. A partir de este momento se da más fuerza a la Escuela Hogar, muy solicitada, adaptándola con modernas instalaciones. </span></p>
<p><span style="color: #000000; font-family: Verdana,Arial,Helvetica,sans-serif; font-size: small;"><span style="color: #ffffff;"> &#8230;&#8230;.</span>Al paso de los años fue tomando nuevos giros hasta que diversas dificultades fueron haciendo inviable su continuidad. Concluyó su actividad en junio de 1974. Fueron cesando también, poco a poco, otra serie de actividades apostólicas abiertas al valle: clases de Puericultura, Idiomas, Arte, Promoción Popular Obrera, Escuela Apostólica, catequesis dominical, Colegio Menor…Había llegado el momento de priorizar una actividad apostólica; y ésta vino marcada por la decisión de dedicarla a Casa de Formación y Espiritualidad.</span></p>
<p><span style="color: #000000; font-family: Verdana,Arial,Helvetica,sans-serif; font-size: small;"><span style="color: #ffffff;"> &#8230;&#8230;.</span>Y esta es la obra en la que lleva embarcada la comunidad de esta casa, en el corazón de la espiritualidad ignaciana, intentando favorecer a cada persona el ambiente adecuado para que pueda hacerse en ella realidad la experiencia de Dios en el momento que le está tocando vivir. </span></p>

<p>&#8230;&#8230;Durante la Guerra Civil española, 1936 a 1939, el País Vasco, aunque en zona republicana, no experimentó persecución religiosa, por lo que la comunidad y las alumnas permanecieron con relativa tranquilidad. Por eso esta casa se convirtió en el destino de muchas religiosas, incluso alumnas, que venían de la llamada “zona roja”. Al no tener</p>
