{"id":57,"date":"2015-02-21T18:03:37","date_gmt":"2015-02-21T18:03:37","guid":{"rendered":"http:\/\/jesus-maria.es\/claudina\/?page_id=57"},"modified":"2018-12-17T11:18:39","modified_gmt":"2018-12-17T11:18:39","slug":"formacion","status":"publish","type":"page","link":"https:\/\/jesus-maria.org\/claudina\/formacion\/","title":{"rendered":"Formaci\u00f3n"},"content":{"rendered":"<p style=\"text-align: justify;\"><span style=\"font-size: 14pt;\">Estos materiales&nbsp;est\u00e1n pensados para los educadores de los centros&nbsp;de Jes\u00fas-Mar\u00eda de todo el mundo. Sin embargo,&nbsp;pueden servir tambi\u00e9n para la formaci\u00f3n de otros grupos,&nbsp;escuela de padres y todos aquellos que est\u00e9n interesados en conocer&nbsp;y profundizar en el estilo de Jes\u00fas-Mar\u00eda.<\/span><\/p>\n<p style=\"text-align: justify;\"><span style=\"font-size: 14pt;\">Son siete&nbsp;fichas con pistas de reflexi\u00f3n y trabajo.<\/span><\/p>\n<p style=\"text-align: justify;\"><span style=\"font-size: 14pt;\">Est\u00e1n en formato de word para facilitar que cada grupo pueda&nbsp;adaptarlas a sus circunstancias y necesidades concretas.<\/span><\/p>\n<table style=\"height: 145px; width: 903px;\" width=\"549\">\n<tbody>\n<tr>\n<td style=\"text-align: center; width: 279px;\"><span style=\"font-size: 14pt;\"><a href=\"http:\/\/jesus-maria.org\/claudina\/wp-content\/uploads\/sites\/3\/2015\/02\/doc.gif\"><img loading=\"lazy\" decoding=\"async\" src=\"http:\/\/jesus-maria.org\/claudina\/wp-content\/uploads\/sites\/3\/2015\/02\/doc.gif\" alt=\"doc\" width=\"16\" height=\"16\"><\/a>&nbsp;<a href=\"http:\/\/jesus-maria.org\/archiprovdoc\/formacion\/INTRODUCCION.doc\" target=\"_blank\" rel=\"noopener\">0- Introducci\u00f3n<\/a><\/span><\/td>\n<td style=\"text-align: center; width: 283.833px;\"><span style=\"font-size: 14pt;\"><a href=\"http:\/\/jesus-maria.org\/claudina\/wp-content\/uploads\/sites\/3\/2015\/02\/doc.gif\"><img loading=\"lazy\" decoding=\"async\" src=\"http:\/\/jesus-maria.org\/claudina\/wp-content\/uploads\/sites\/3\/2015\/02\/doc.gif\" alt=\"doc\" width=\"16\" height=\"16\"><\/a>&nbsp;<a href=\"http:\/\/jesus-maria.org\/archiprovdoc\/formacion\/HISTORIA.doc\">1- Pinceladas de la historia<\/a><\/span><\/td>\n<td style=\"text-align: center; width: 316.167px;\"><span style=\"font-size: 14pt;\"><a href=\"http:\/\/jesus-maria.org\/claudina\/wp-content\/uploads\/sites\/3\/2015\/02\/doc.gif\"><img loading=\"lazy\" decoding=\"async\" src=\"http:\/\/jesus-maria.org\/claudina\/wp-content\/uploads\/sites\/3\/2015\/02\/doc.gif\" alt=\"doc\" width=\"16\" height=\"16\"><\/a>&nbsp;<a href=\"http:\/\/jesus-maria.org\/archiprovdoc\/formacion\/Historia.%20guion%20Power%20Point.doc\" target=\"_blank\" rel=\"noopener\">Gui\u00f3n del power&nbsp;point (Historia)<\/a><\/span><\/td>\n<\/tr>\n<tr>\n<td style=\"text-align: center; width: 279px;\"><span style=\"font-size: 14pt;\"><a href=\"http:\/\/jesus-maria.org\/claudina\/wp-content\/uploads\/sites\/3\/2015\/02\/pps.png\"><img loading=\"lazy\" decoding=\"async\" src=\"http:\/\/jesus-maria.org\/claudina\/wp-content\/uploads\/sites\/3\/2015\/02\/pps.png\" alt=\"pps\" width=\"17\" height=\"17\">&nbsp;<\/a><a href=\"http:\/\/jesus-maria.org\/archiprovdoc\/formacion\/historia.ppt\" target=\"_blank\" rel=\"noopener\">Power&nbsp;Point (Historia)<\/a><\/span><\/td>\n<td style=\"text-align: center; width: 283.833px;\"><span style=\"font-size: 14pt;\"><a href=\"http:\/\/jesus-maria.org\/claudina\/wp-content\/uploads\/sites\/3\/2015\/02\/doc.gif\"><img loading=\"lazy\" decoding=\"async\" src=\"http:\/\/jesus-maria.org\/claudina\/wp-content\/uploads\/sites\/3\/2015\/02\/doc.gif\" alt=\"doc\" width=\"16\" height=\"16\"><\/a>&nbsp;<a href=\"http:\/\/jesus-maria.org\/archiprovdoc\/formacion\/PERDON.doc\" target=\"_blank\" rel=\"noopener\">2- Experiencia del perd\u00f3n<\/a><\/span><\/td>\n<td style=\"text-align: center; width: 316.167px;\"><span style=\"font-size: 14pt;\"><a href=\"http:\/\/jesus-maria.org\/claudina\/wp-content\/uploads\/sites\/3\/2015\/02\/doc.gif\"><img loading=\"lazy\" decoding=\"async\" src=\"http:\/\/jesus-maria.org\/claudina\/wp-content\/uploads\/sites\/3\/2015\/02\/doc.gif\" alt=\"doc\" width=\"16\" height=\"16\"><\/a>&nbsp;<a href=\"http:\/\/jesus-maria.org\/archiprovdoc\/formacion\/FAMILIA.doc\" target=\"_blank\" rel=\"noopener\">3- Esp\u00edritu de familia<\/a><\/span><\/td>\n<\/tr>\n<tr>\n<td style=\"text-align: center; width: 279px;\"><span style=\"font-size: 14pt;\"><a href=\"http:\/\/jesus-maria.org\/claudina\/wp-content\/uploads\/sites\/3\/2015\/02\/doc.gif\"><img loading=\"lazy\" decoding=\"async\" src=\"http:\/\/jesus-maria.org\/claudina\/wp-content\/uploads\/sites\/3\/2015\/02\/doc.gif\" alt=\"doc\" width=\"16\" height=\"16\"><\/a>&nbsp;<a href=\"http:\/\/jesus-maria.org\/archiprovdoc\/formacion\/DEBILES.doc\" target=\"_blank\" rel=\"noopener\">4- \u00abLa \u00fanica preferencia&#8230;\u00bb<\/a><\/span><\/td>\n<td style=\"text-align: center; width: 283.833px;\"><span style=\"font-size: 14pt;\"><a href=\"http:\/\/jesus-maria.org\/claudina\/wp-content\/uploads\/sites\/3\/2015\/02\/doc.gif\"><img loading=\"lazy\" decoding=\"async\" src=\"http:\/\/jesus-maria.org\/claudina\/wp-content\/uploads\/sites\/3\/2015\/02\/doc.gif\" alt=\"doc\" width=\"16\" height=\"16\"><\/a>&nbsp;<a href=\"http:\/\/jesus-maria.org\/archiprovdoc\/formacion\/EDUCADOR.doc\" target=\"_blank\" rel=\"noopener\">5- Educador de Jes\u00fas-Mar\u00eda<\/a><\/span><\/td>\n<td style=\"text-align: center; width: 316.167px;\"><span style=\"font-size: 14pt;\"><a href=\"http:\/\/jesus-maria.org\/claudina\/wp-content\/uploads\/sites\/3\/2015\/02\/doc.gif\"><img loading=\"lazy\" decoding=\"async\" src=\"http:\/\/jesus-maria.org\/claudina\/wp-content\/uploads\/sites\/3\/2015\/02\/doc.gif\" alt=\"doc\" width=\"16\" height=\"16\"><\/a>&nbsp;<a href=\"http:\/\/jesus-maria.org\/archiprovdoc\/formacion\/UN%20CAMINO%20QUE%20SE%20ABRE.doc\" target=\"_blank\" rel=\"noopener\">6- Un camino que se abre&#8230;<\/a><\/span><\/td>\n<\/tr>\n<\/tbody>\n<\/table>\n<p>&nbsp;<\/p>\n<p><span style=\"font-size: 14pt;\">Aqu\u00ed&nbsp;tambi\u00e9n os pod\u00e9is bajar el folleto <a href=\"http:\/\/jesus-maria.org\/archiprovdoc\/formacion\/fundadora.pdf\" target=\"_blank\" rel=\"noopener\">\u00abClaudina,&nbsp;testigo hoy\u00bb<\/a>, de la colecci\u00f3n Con \u00c9l.&nbsp;Est\u00e1 en formato pdf .<\/span><\/p>\n","protected":false},"excerpt":{"rendered":"<p>Estos materiales&nbsp;est\u00e1n pensados para los educadores de los centros&nbsp;de Jes\u00fas-Mar\u00eda [&hellip;]<\/p>\n","protected":false},"author":1,"featured_media":0,"parent":0,"menu_order":0,"comment_status":"closed","ping_status":"closed","template":"","meta":{"_et_pb_use_builder":"","_et_pb_old_content":"","_et_gb_content_width":"","footnotes":""},"_links":{"self":[{"href":"https:\/\/jesus-maria.org\/claudina\/wp-json\/wp\/v2\/pages\/57"}],"collection":[{"href":"https:\/\/jesus-maria.org\/claudina\/wp-json\/wp\/v2\/pages"}],"about":[{"href":"https:\/\/jesus-maria.org\/claudina\/wp-json\/wp\/v2\/types\/page"}],"author":[{"embeddable":true,"href":"https:\/\/jesus-maria.org\/claudina\/wp-json\/wp\/v2\/users\/1"}],"replies":[{"embeddable":true,"href":"https:\/\/jesus-maria.org\/claudina\/wp-json\/wp\/v2\/comments?post=57"}],"version-history":[{"count":3,"href":"https:\/\/jesus-maria.org\/claudina\/wp-json\/wp\/v2\/pages\/57\/revisions"}],"predecessor-version":[{"id":1859,"href":"https:\/\/jesus-maria.org\/claudina\/wp-json\/wp\/v2\/pages\/57\/revisions\/1859"}],"wp:attachment":[{"href":"https:\/\/jesus-maria.org\/claudina\/wp-json\/wp\/v2\/media?parent=57"}],"curies":[{"name":"wp","href":"https:\/\/api.w.org\/{rel}","templated":true}]}}