{"id":46,"date":"2015-02-21T17:55:36","date_gmt":"2015-02-21T17:55:36","guid":{"rendered":"http:\/\/jesus-maria.es\/claudina\/?page_id=46"},"modified":"2016-01-30T15:37:59","modified_gmt":"2016-01-30T15:37:59","slug":"estilo-educativo","status":"publish","type":"page","link":"https:\/\/jesus-maria.org\/claudina\/estilo-educativo\/","title":{"rendered":"Estilo Educativo J-M"},"content":{"rendered":"<p><a href=\"http:\/\/jesus-maria.org\/claudina\/wp-content\/uploads\/sites\/3\/2015\/02\/Estilo-Educativo.pdf\" target=\"_blank\"><img loading=\"lazy\" decoding=\"async\" class=\" wp-image-470 size-medium alignleft\" src=\"http:\/\/jesus-maria.org\/claudina\/wp-content\/uploads\/sites\/3\/2015\/02\/estilo-educativo-212x300.png\" alt=\"\" width=\"212\" height=\"300\" srcset=\"https:\/\/jesus-maria.org\/claudina\/wp-content\/uploads\/sites\/3\/2015\/02\/estilo-educativo-212x300.png 212w, https:\/\/jesus-maria.org\/claudina\/wp-content\/uploads\/sites\/3\/2015\/02\/estilo-educativo-724x1024.png 724w, https:\/\/jesus-maria.org\/claudina\/wp-content\/uploads\/sites\/3\/2015\/02\/estilo-educativo.png 2480w\" sizes=\"(max-width: 212px) 100vw, 212px\" \/><\/a><\/p>\n<div align=\"justify\"><a href=\"http:\/\/jesus-maria.org\/claudina\/wp-content\/uploads\/sites\/3\/2015\/02\/Estilo-Educativo.pdf\" target=\"_blank\">ESTILO EDUCATIVO<\/a> de\u00a0Jes\u00fas-Mar\u00eda est\u00e1 profundamente marcado por el carisma\u00a0que Claudina Th\u00e9venet impuls\u00f3 en su tiempo.<\/div>\n<div align=\"justify\">Es una forma concreta de educar que hoy sigue teniendo vigencia. Distinto\u00a0momento hist\u00f3rico, distinta sociedad, sin embargo hay muchos\u00a0aspectos comunes entre lo que ella vivi\u00f3 y lo que vivimos hoy.<\/div>\n<div align=\"justify\">Aqu\u00ed,\u00a0en este cuadernillo, est\u00e1 recogido ese estilo concreto y peculiar\u00a0que queremos seguir viviendo las religiosas y todos los\u00a0educadores de Jes\u00fas-Mar\u00eda.<\/div>\n<p style=\"text-align: center;\" align=\"justify\"><a href=\"http:\/\/jesus-maria.org\/claudina\/wp-content\/uploads\/sites\/3\/2015\/02\/Estilo-Educativo.pdf\">Descarga el PDF<\/a><\/p>\n<table>\n<tbody>\n<tr>\n<td><\/td>\n<td><\/td>\n<\/tr>\n<\/tbody>\n<\/table>\n","protected":false},"excerpt":{"rendered":"<p>ESTILO EDUCATIVO de\u00a0Jes\u00fas-Mar\u00eda est\u00e1 profundamente marcado por el carisma\u00a0que Claudina [&hellip;]<\/p>\n","protected":false},"author":1,"featured_media":0,"parent":0,"menu_order":0,"comment_status":"closed","ping_status":"closed","template":"","meta":{"_et_pb_use_builder":"","_et_pb_old_content":"","_et_gb_content_width":"","footnotes":""},"_links":{"self":[{"href":"https:\/\/jesus-maria.org\/claudina\/wp-json\/wp\/v2\/pages\/46"}],"collection":[{"href":"https:\/\/jesus-maria.org\/claudina\/wp-json\/wp\/v2\/pages"}],"about":[{"href":"https:\/\/jesus-maria.org\/claudina\/wp-json\/wp\/v2\/types\/page"}],"author":[{"embeddable":true,"href":"https:\/\/jesus-maria.org\/claudina\/wp-json\/wp\/v2\/users\/1"}],"replies":[{"embeddable":true,"href":"https:\/\/jesus-maria.org\/claudina\/wp-json\/wp\/v2\/comments?post=46"}],"version-history":[{"count":2,"href":"https:\/\/jesus-maria.org\/claudina\/wp-json\/wp\/v2\/pages\/46\/revisions"}],"predecessor-version":[{"id":657,"href":"https:\/\/jesus-maria.org\/claudina\/wp-json\/wp\/v2\/pages\/46\/revisions\/657"}],"wp:attachment":[{"href":"https:\/\/jesus-maria.org\/claudina\/wp-json\/wp\/v2\/media?parent=46"}],"curies":[{"name":"wp","href":"https:\/\/api.w.org\/{rel}","templated":true}]}}